.
2, 19, 20147
What are the prime factors of 3259356?
2, 3, 47, 5779
What are the prime factors of 438753?
3, 7, 17, 1229
List the prime factors of 138242.
2, 13, 409
List the prime factors of 670837.
17, 39461
List the prime factors of 4192017.
3, 1397339
List the prime factors of 4220568.
2, 3, 11, 73
What are the prime factors of 1203914?
2, 43, 13999
List the prime factors of 1732935.
3, 5, 23, 5023
What are the prime factors of 4977842?
2, 83, 157, 191
What are the prime factors of 10408500?
2, 3, 5, 257
What are the prime factors of 606259?
439, 1381
List the prime factors of 193483.
191, 1013
What are the prime factors of 230910?
2, 3, 5, 43, 179
List the prime factors of 13539400.
2, 5, 7, 19, 509
List the prime factors of 716533.
17, 113, 373
What are the prime factors of 2505320?
2, 5, 62633
What are the prime factors of 20336835?
3, 5, 103, 13163
List the prime factors of 394672.
2, 17, 1451
What are the prime factors of 4327331?
4327331
List the prime factors of 19670324.
2, 41, 277, 433
What are the prime factors of 9504763?
43, 47, 4703
What are the prime factors of 147404?
2, 43, 857
What are the prime factors of 99215?
5, 19843
List the prime factors of 1237826.
2, 618913
What are the prime factors of 1466445?
3, 5, 59, 1657
List the prime factors of 417971.
47, 8893
List the prime factors of 2308666.
2, 193, 5981
List the prime factors of 1685171.
1685171
List the prime factors of 202396.
2, 50599
What are the prime factors of 6428830?
2, 5, 193, 3331
List the prime factors of 7820022.
2, 3, 7, 186191
List the prime factors of 7867232.
2, 245851
What are the prime factors of 2237902?
2, 1118951
List the prime factors of 1343154.
2, 3, 23, 9733
What are the prime factors of 21478654?
2, 823, 13049
What are the prime factors of 427261?
17, 41, 613
List the prime factors of 373370.
2, 5, 37337
List the prime factors of 689700.
2, 3, 5, 11, 19
What are the prime factors of 870690?
2, 3, 5, 29023
What are the prime factors of 1563358?
2, 19, 41141
What are the prime factors of 35721?
3, 7
List the prime factors of 1047898.
2, 523949
List the prime factors of 213786.
2, 3, 37, 107
List the prime factors of 4147390.
2, 5, 13, 61, 523
List the prime factors of 1615200.
2, 3, 5, 673
List the prime factors of 5504968.
2, 7, 197, 499
What are the prime factors of 1539664?
2, 7, 59, 233
List the prime factors of 10160663.
10160663
List the prime factors of 3273642.
2, 3, 60623
List the prime factors of 1237436.
2, 309359
List the prime factors of 6356901.
3, 23, 181, 509
What are the prime factors of 304198?
2, 17, 23, 389
What are the prime factors of 243847?
59, 4133
What are the prime factors of 220693?
11, 20063
List the prime factors of 505291.
17, 29723
What are the prime factors of 4012692?
2, 3, 127, 2633
List the prime factors of 2861017.
991, 2887
List the prime factors of 5331.
3, 1777
What are the prime factors of 314623?
314623
What are the prime factors of 380959?
31, 12289
List the prime factors of 187554.
2, 3, 31259
What are the prime factors of 11720556?
2, 3, 325571
List the prime factors of 470746.
2, 53, 4441
List the prime factors of 360314.
2, 257, 701
List the prime factors of 1451507.
23, 223, 283
List the prime factors of 9195597.
3, 47, 21739
List the prime factors of 1386063.
3, 7, 449
What are the prime factors of 347722?
2, 173861
What are the prime factors of 4557461?
4557461
List the prime factors of 11500689.
3, 709, 5407
What are the prime factors of 7804053?
3, 289039
List the prime factors of 36755.
5, 7351
List the prime factors of 4691034.
2, 3, 23, 1259
List the prime factors of 2739027.
3, 67, 13627
List the prime factors of 2940493.
53, 109, 509
What are the prime factors of 221042?
2, 79, 1399
List the prime factors of 416174.
2, 11, 18917
What are the prime factors of 1628572?
2, 11, 37013
What are the prime factors of 2330667?
3, 37, 2333
List the prime factors of 1318152.
2, 3, 11, 4993
List the prime factors of 106414.
2, 7, 11, 691
What are the prime factors of 179091?
3, 11, 67
List the prime factors of 6872803.
7, 757, 1297
List the prime factors of 149942.
2, 13, 73, 79
List the prime factors of 2859179.
17, 109, 1543
List the prime factors of 913928.
2, 23, 4967
What are the prime factors of 1302497?
7, 186071
List the prime factors of 708845.
5, 141769
What are the prime factors of 2371475?
5, 29, 3271
List the prime factors of 115889.
17, 401
List the prime factors of 1274282.
2, 59, 10799
What are the prime factors of 211676?
2, 52919
List the prime factors of 868027.
353, 2459
List the prime factors of 410010.
2, 3, 5, 79, 173
What are the prime factors of 921242?
2, 7, 23, 2861
What are the prime factors of 262321?
262321
What are the prime factors of 9243708?
2, 3, 770309
List the prime factors of 601236.
2, 3, 19, 293
List the prime factors of 60190.
2, 5, 13, 463
List the prime factors of 269387.
269387
List the prime factors of 123791.
123791
List the prime factors of 1501977.
3, 379, 1321
List the prime factors of 2041185.
3, 5, 41, 3319
List the prime factors of 808043.
37, 21839
What are the prime factors of 1236985?
5, 73, 3389
What are the prime factors of 468119?
23, 20353
List the prime factors of 6586983.
3, 13, 56299
What are the prime factors of 157569?
3, 53, 991
List the prime factors of 54175.
5, 11, 197
What are the prime factors of 1093623?
3, 364541
List the prime factors of 16061660.
2, 5, 359, 2237
List the prime factors of 13168285.
5, 13, 17, 701
What are the prime factors of 1272277?
61, 20857
List the prime factors of 4308010.
2, 5, 7, 61543
What are the prime factors of 153363?
3, 7, 67, 109
List the prime factors of 6436271.
6436271
What are the prime factors of 1660658?
2, 830329
List the prime factors of 389777.
409, 953
List the prime factors of 279836.
2, 69959
List the prime factors of 39368796.
2, 3, 241, 13613
What are the prime factors of 15213741?
3, 23, 79, 2791
List the prime factors of 1746324.
2, 3, 179, 271
List the prime factors of 48879.
3, 5431
List the prime factors of 1686569.
1686569
What are the prime factors of 18024071?
13, 157, 8831
List the prime factors of 999566.
2, 17, 29399
What are the prime factors of 78034?
2, 11, 3547
What are the prime factors of 3739067?
19, 83, 2371
What are the prime factors of 484704?
2, 3, 11, 17
What are the prime factors of 22503379?
71, 151, 2099
What are the prime factors of 522905?
5, 23, 4547
What are the prime factors of 60694?
2, 30347
What are the prime factors of 2318934?
2, 3, 386489
List the prime factors of 141169.
7, 43, 67
What are the prime factors of 24845?
5, 4969
List the prime factors of 69490.
2, 5, 6949
What are the prime factors of 16960135?
5, 17, 61, 3271
What are the prime factors of 16821082?
2, 1777, 4733
What are the prime factors of 294774?
2, 3, 73, 673
What are the prime factors of 1233389?
107, 11527
What are the prime factors of 2417790?
2, 3, 5, 83, 971
List the prime factors of 177943.
177943
List the prime factors of 680883.
3, 7, 32423
What are the prime factors of 253603?
7, 36229
List the prime factors of 1458426.
2, 3, 31, 7841
List the prime factors of 766131.
3, 43, 5939
What are the prime factors of 1854780?
2, 3, 5, 19, 1627
What are the prime factors of 192497?
192497
List the prime factors of 3121074.
2, 3, 11, 1433
List the prime factors of 363634.
2, 113, 1609
List the prime factors of 1450686.
2, 3, 241781
What are the prime factors of 4655862?
2, 3, 258659
List the prime factors of 1398211.
1398211
What are the prime factors of 265874?
2, 7, 2713
List the prime factors of 1326301.
1326301
What are the prime factors of 297670?
2, 5, 17, 103
List the prime factors of 355184.
2, 79, 281
What are the prime factors of 711069?
3, 421, 563
What are the prime factors of 13071837?
3, 29, 347, 433
What are the prime factors of 139259?
157, 887
List the prime factors of 20913236.
2, 5228309
What are the prime factors of 7487671?
223, 33577
What are the prime factors of 12007080?
2, 3, 5, 33353
List the prime factors of 207469.
207469
List the prime factors of 158067.
3, 7, 13, 193
List the prime factors of 11543865.
3, 5, 769591
List the prime factors of 592329.
3, 347, 569
List the prime factors of 3993803.
11, 67, 5419
List the prime factors of 27038998.
